rime factors of 11733044.
2, 229, 12809
What are the prime factors of 142594?
2, 83, 859
What are the prime factors of 203422?
2, 17, 31, 193
What are the prime factors of 1293193?
11, 117563
What are the prime factors of 598586?
2, 37, 8089
What are the prime factors of 3230478?
2, 3, 179471
What are the prime factors of 3623166?
2, 3, 201287
List the prime factors of 475848.
2, 3, 2203
List the prime factors of 1666897.
1666897
What are the prime factors of 4413090?
2, 3, 5, 11, 43, 311
What are the prime factors of 333171?
3, 37019
List the prime factors of 405682.
2, 202841
What are the prime factors of 11584534?
2, 13, 113, 3943
List the prime factors of 1914166.
2, 17, 56299
List the prime factors of 776977.
776977
List the prime factors of 41612167.
109, 479, 797
What are the prime factors of 28489074?
2, 3, 61, 77839
What are the prime factors of 4105349?
19, 216071
What are the prime factors of 1384261?
311, 4451
What are the prime factors of 694424?
2, 61, 1423
List the prime factors of 1707795.
3, 5, 37951
What are the prime factors of 810130?
2, 5, 81013
List the prime factors of 196484.
2, 49121
What are the prime factors of 407727?
3, 15101
What are the prime factors of 22719395?
5, 17, 137, 1951
List the prime factors of 7013916.
2, 3, 7, 13, 2141
List the prime factors of 3822119.
7, 546017
What are the prime factors of 557062?
2, 11, 25321
What are the prime factors of 442495?
5, 88499
List the prime factors of 12375829.
12375829
What are the prime factors of 4782409?
4782409
List the prime factors of 7311798.
2, 3, 13, 31247
List the prime factors of 236877.
3, 23, 3433
What are the prime factors of 2009153?
733, 2741
List the prime factors of 2363617.
2363617
List the prime factors of 413743.
11, 29, 1297
What are the prime factors of 30152983?
7, 615367
What are the prime factors of 50988?
2, 3, 7, 607
What are the prime factors of 21704165?
5, 7, 659, 941
List the prime factors of 3456994.
2, 151, 11447
List the prime factors of 2727012.
2, 3, 227251
What are the prime factors of 1517198?
2, 758599
List the prime factors of 514007.
13, 19, 2081
What are the prime factors of 2956893?
3, 985631
List the prime factors of 167808.
2, 3, 19, 23
List the prime factors of 2611085.
5, 41, 47, 271
What are the prime factors of 5320307?
5320307
What are the prime factors of 20378924?
2, 53, 97, 991
List the prime factors of 19355423.
853, 22691
What are the prime factors of 67980?
2, 3, 5, 11, 103
List the prime factors of 351589.
7, 50227
What are the prime factors of 42362431?
42362431
What are the prime factors of 198537?
3, 66179
List the prime factors of 6269957.
17, 191, 1931
List the prime factors of 1369065.
3, 5, 107, 853
List the prime factors of 784361.
293, 2677
List the prime factors of 770128.
2, 127, 379
List the prime factors of 2158498.
2, 83, 13003
List the prime factors of 523753.
17, 30809
What are the prime factors of 3005466?
2, 3, 500911
What are the prime factors of 231608?
2, 13, 17, 131
List the prime factors of 184754.
2, 92377
List the prime factors of 2319028.
2, 579757
List the prime factors of 2105565.
3, 5, 7, 11, 1823
List the prime factors of 196551.
3, 21839
What are the prime factors of 376776?
2, 3, 5233
What are the prime factors of 535269?
3, 7, 71, 359
What are the prime factors of 214946?
2, 107473
What are the prime factors of 2756384?
2, 86137
What are the prime factors of 163656?
2, 3, 2273
List the prime factors of 5373283.
23, 233621
What are the prime factors of 1416629?
1416629
What are the prime factors of 14204097?
3, 191, 8263
What are the prime factors of 871469?
67, 13007
List the prime factors of 801170.
2, 5, 113, 709
What are the prime factors of 10964550?
2, 3, 5, 67, 1091
List the prime factors of 248992.
2, 31, 251
What are the prime factors of 433799?
373, 1163
List the prime factors of 294479.
294479
List the prime factors of 188974.
2, 19, 4973
What are the prime factors of 1777341?
3, 389, 1523
What are the prime factors of 956751?
3, 318917
What are the prime factors of 896769?
3, 37, 2693
What are the prime factors of 14344375?
5, 59, 389
What are the prime factors of 1074128?
2, 11, 17, 359
What are the prime factors of 665535?
3, 5, 13, 3413
What are the prime factors of 2415254?
2, 1207627
What are the prime factors of 1598827?
1598827
List the prime factors of 269048.
2, 13, 199
List the prime factors of 2811567.
3, 11, 85199
What are the prime factors of 172663?
172663
List the prime factors of 1548208.
2, 96763
List the prime factors of 2578411.
11, 157, 1493
List the prime factors of 428065.
5, 11, 43, 181
What are the prime factors of 13638749?
13638749
What are the prime factors of 2099676?
2, 3, 37, 4729
List the prime factors of 21078551.
13, 41, 71, 557
What are the prime factors of 73980?
2, 3, 5, 137
What are the prime factors of 188182?
2, 37, 2543
What are the prime factors of 4765571?
479, 9949
What are the prime factors of 1460398?
2, 730199
List the prime factors of 4220103.
3, 1406701
List the prime factors of 106535.
5, 11, 13, 149
List the prime factors of 193411.
269, 719
List the prime factors of 1352092.
2, 7, 43, 1123
What are the prime factors of 1187996?
2, 23, 37, 349
What are the prime factors of 799464?
2, 3, 33311
List the prime factors of 108148.
2, 19, 1423
What are the prime factors of 6954636?
2, 3, 13, 109, 409
What are the prime factors of 10253735?
5, 619, 3313
What are the prime factors of 813700?
2, 5, 79, 103
List the prime factors of 380868.
2, 3, 17, 1867
List the prime factors of 24025233.
3, 17, 431, 1093
List the prime factors of 10956317.
263, 41659
List the prime factors of 10081926.
2, 3, 560107
What are the prime factors of 1900425?
3, 5, 25339
What are the prime factors of 14697586?
2, 7348793
What are the prime factors of 3895056?
2, 3, 11, 2459
What are the prime factors of 28252167?
3, 139, 67751
What are the prime factors of 198220?
2, 5, 11, 17, 53
List the prime factors of 792643.
792643
What are the prime factors of 6754967?
17, 397351
List the prime factors of 14799.
3, 4933
List the prime factors of 21240480.
2, 3, 5, 17, 19, 137
What are the prime factors of 5787523?
7, 107, 7727
What are the prime factors of 488400?
2, 3, 5, 11, 37
List the prime factors of 290307.
3, 96769
List the prime factors of 2963058.
2, 3, 7, 70549
List the prime factors of 269060.
2, 5, 11, 1223
List the prime factors of 1165238.
2, 257, 2267
What are the prime factors of 2275126?
2, 7, 101, 1609
What are the prime factors of 188738?
2, 11, 23, 373
What are the prime factors of 978057?
3, 109, 997
List the prime factors of 384499.
103, 3733
List the prime factors of 558076.
2, 17, 29, 283
List the prime factors of 1244152.
2, 7, 13, 1709
What are the prime factors of 35046143?
11, 3186013
List the prime factors of 4832632.
2, 7, 86297
List the prime factors of 10536508.
2, 41, 1567
List the prime factors of 20111680.
2, 5, 17, 3697
What are the prime factors of 3137376?
2, 3, 11, 2971
What are the prime factors of 11796876?
2, 3, 7, 13, 277
List the prime factors of 12426.
2, 3, 19, 109
What are the prime factors of 217260?
2, 3, 5, 17, 71
List the prime factors of 1726421.
31, 55691
List the prime factors of 6953677.
19, 365983
What are the prime factors of 1952212?
2, 17, 19, 1511
What are the prime factors of 1410975?
3, 5, 6271
What are the prime factors of 2362385?
5, 472477
What are the prime factors of 594274?
2, 23, 12919
What are the prime factors of 12514516?
2, 7, 17, 61, 431
List the prime factors of 876751.
876751
What are the prime factors of 85826?
2, 13, 3301
What are the prime factors of 57836?
2, 19, 761
What are the prime factors of 387618?
2, 3, 7, 11, 839
What are the prime factors of 493060?
2, 5, 89, 277
List the prime factors of 10638305.
5, 23, 92507
What are the prime factors of 1039123?
47, 22109
What are the prime factors of 8626092?
2, 3, 718841
What are the prime factors of 679185?
3, 5, 13, 43
List the prime factors of 2573180.
2, 5, 128659
What are the prime factors of 140632?
2, 17579
List the prime factors of 2517682.
2, 109, 11549
List the prime factors of 1717935.
3, 5, 17, 6737
List the prime factors of 125237.
7, 17891
List the prime factors of 1944843.
3, 113, 5737
What are the prime facto